{"id":934,"date":"2019-12-06T17:03:44","date_gmt":"2019-12-06T20:03:44","guid":{"rendered":"https:\/\/primo-aws.agenciamoustache.com.br\/?page_id=5"},"modified":"2020-12-28T22:08:59","modified_gmt":"2020-12-29T00:08:59","slug":"home","status":"publish","type":"page","link":"https:\/\/www.oprimorico.com.br\/thiago.nigro\/","title":{"rendered":"Home"},"content":{"rendered":"","protected":false},"excerpt":{"rendered":"","protected":false},"author":11,"featured_media":0,"parent":0,"menu_order":0,"comment_status":"closed","ping_status":"closed","template":"page_home.php","meta":[],"yoast_head":"<!-- This site is optimized with the Yoast SEO Premium plugin v18.4 (Yoast SEO v18.6) - https:\/\/yoast.com\/wordpress\/plugins\/seo\/ -->\n<title>Um dos investidores mais influentes do pa\u00eds - O Primo Rico<\/title>\n<meta name=\"description\" content=\"Os melhores conte\u00fados para voc\u00ea investir melhor. Compre, assine e saiba mais. Torne-se voc\u00ea tamb\u00e9m Um Primo!\" \/>\n<meta name=\"robots\" content=\"index, follow, max-snippet:-1, max-image-preview:large, max-video-preview:-1\" \/>\n<link rel=\"canonical\" href=\"https:\/\/www.oprimorico.com.br\/thiago.nigro\/\" \/>\n<meta property=\"og:locale\" content=\"pt_BR\" \/>\n<meta property=\"og:type\" content=\"article\" \/>\n<meta property=\"og:title\" content=\"Home\" \/>\n<meta property=\"og:description\" content=\"Os melhores conte\u00fados para voc\u00ea investir melhor. Compre, assine e saiba mais. Torne-se voc\u00ea tamb\u00e9m Um Primo!\" \/>\n<meta property=\"og:url\" content=\"https:\/\/www.oprimorico.com.br\/thiago.nigro\/\" \/>\n<meta property=\"og:site_name\" content=\"O Primo Rico\" \/>\n<meta property=\"article:publisher\" content=\"https:\/\/www.facebook.com\/oprimorico\/\" \/>\n<meta property=\"article:modified_time\" content=\"2020-12-29T00:08:59+00:00\" \/>\n<meta name=\"twitter:card\" content=\"summary_large_image\" \/>\n<meta name=\"twitter:site\" content=\"@ThiagoNigro\" \/>\n<script type=\"application\/ld+json\" class=\"yoast-schema-graph\">{\"@context\":\"https:\/\/schema.org\",\"@graph\":[{\"@type\":\"Organization\",\"@id\":\"https:\/\/www.oprimorico.com.br\/thiago.nigro\/#organization\",\"name\":\"O PRIMO RICO\",\"url\":\"https:\/\/www.oprimorico.com.br\/thiago.nigro\/\",\"sameAs\":[\"https:\/\/www.facebook.com\/oprimorico\/\",\"https:\/\/www.instagram.com\/thiago.nigro\/\",\"https:\/\/www.linkedin.com\/in\/thiago-nigro\/\",\"https:\/\/www.youtube.com\/c\/thiagonigro\",\"https:\/\/twitter.com\/ThiagoNigro\"],\"logo\":{\"@type\":\"ImageObject\",\"@id\":\"https:\/\/www.oprimorico.com.br\/thiago.nigro\/#logo\",\"inLanguage\":\"pt-BR\",\"url\":\"https:\/\/www.oprimorico.com.br\/wp-content\/uploads\/2020\/02\/primo-rico-logo.jpg\",\"contentUrl\":\"https:\/\/www.oprimorico.com.br\/wp-content\/uploads\/2020\/02\/primo-rico-logo.jpg\",\"width\":300,\"height\":300,\"caption\":\"O PRIMO RICO\"},\"image\":{\"@id\":\"https:\/\/www.oprimorico.com.br\/thiago.nigro\/#logo\"}},{\"@type\":\"WebSite\",\"@id\":\"https:\/\/www.oprimorico.com.br\/thiago.nigro\/#website\",\"url\":\"https:\/\/www.oprimorico.com.br\/thiago.nigro\/\",\"name\":\"O Primo Rico\",\"description\":\"PRIMO RICO\",\"publisher\":{\"@id\":\"https:\/\/www.oprimorico.com.br\/thiago.nigro\/#organization\"},\"potentialAction\":[{\"@type\":\"SearchAction\",\"target\":{\"@type\":\"EntryPoint\",\"urlTemplate\":\"https:\/\/www.oprimorico.com.br\/thiago.nigro\/?s={search_term_string}\"},\"query-input\":\"required name=search_term_string\"}],\"inLanguage\":\"pt-BR\"},{\"@type\":\"WebPage\",\"@id\":\"https:\/\/www.oprimorico.com.br\/thiago.nigro\/#webpage\",\"url\":\"https:\/\/www.oprimorico.com.br\/thiago.nigro\/\",\"name\":\"Um dos investidores mais influentes do pa\u00eds - O Primo Rico\",\"isPartOf\":{\"@id\":\"https:\/\/www.oprimorico.com.br\/thiago.nigro\/#website\"},\"datePublished\":\"2019-12-06T20:03:44+00:00\",\"dateModified\":\"2020-12-29T00:08:59+00:00\",\"description\":\"Os melhores conte\u00fados para voc\u00ea investir melhor. Compre, assine e saiba mais. Torne-se voc\u00ea tamb\u00e9m Um Primo!\",\"breadcrumb\":{\"@id\":\"https:\/\/www.oprimorico.com.br\/thiago.nigro\/#breadcrumb\"},\"inLanguage\":\"pt-BR\",\"potentialAction\":[{\"@type\":\"ReadAction\",\"target\":[\"https:\/\/www.oprimorico.com.br\/thiago.nigro\/\"]}]},{\"@type\":\"BreadcrumbList\",\"@id\":\"https:\/\/www.oprimorico.com.br\/thiago.nigro\/#breadcrumb\",\"itemListElement\":[{\"@type\":\"ListItem\",\"position\":1,\"name\":\"Home\",\"item\":\"https:\/\/www.oprimorico.com.br\/thiago.nigro\/\"},{\"@type\":\"ListItem\",\"position\":2,\"name\":\"Home\"}]}]}<\/script>\n<!-- \/ Yoast SEO Premium plugin. -->","yoast_head_json":{"title":"Um dos investidores mais influentes do pa\u00eds - O Primo Rico","description":"Os melhores conte\u00fados para voc\u00ea investir melhor. Compre, assine e saiba mais. Torne-se voc\u00ea tamb\u00e9m Um Primo!","robots":{"index":"index","follow":"follow","max-snippet":"max-snippet:-1","max-image-preview":"max-image-preview:large","max-video-preview":"max-video-preview:-1"},"canonical":"https:\/\/www.oprimorico.com.br\/thiago.nigro\/","og_locale":"pt_BR","og_type":"article","og_title":"Home","og_description":"Os melhores conte\u00fados para voc\u00ea investir melhor. Compre, assine e saiba mais. Torne-se voc\u00ea tamb\u00e9m Um Primo!","og_url":"https:\/\/www.oprimorico.com.br\/thiago.nigro\/","og_site_name":"O Primo Rico","article_publisher":"https:\/\/www.facebook.com\/oprimorico\/","article_modified_time":"2020-12-29T00:08:59+00:00","twitter_card":"summary_large_image","twitter_site":"@ThiagoNigro","schema":{"@context":"https:\/\/schema.org","@graph":[{"@type":"Organization","@id":"https:\/\/www.oprimorico.com.br\/thiago.nigro\/#organization","name":"O PRIMO RICO","url":"https:\/\/www.oprimorico.com.br\/thiago.nigro\/","sameAs":["https:\/\/www.facebook.com\/oprimorico\/","https:\/\/www.instagram.com\/thiago.nigro\/","https:\/\/www.linkedin.com\/in\/thiago-nigro\/","https:\/\/www.youtube.com\/c\/thiagonigro","https:\/\/twitter.com\/ThiagoNigro"],"logo":{"@type":"ImageObject","@id":"https:\/\/www.oprimorico.com.br\/thiago.nigro\/#logo","inLanguage":"pt-BR","url":"https:\/\/www.oprimorico.com.br\/wp-content\/uploads\/2020\/02\/primo-rico-logo.jpg","contentUrl":"https:\/\/www.oprimorico.com.br\/wp-content\/uploads\/2020\/02\/primo-rico-logo.jpg","width":300,"height":300,"caption":"O PRIMO RICO"},"image":{"@id":"https:\/\/www.oprimorico.com.br\/thiago.nigro\/#logo"}},{"@type":"WebSite","@id":"https:\/\/www.oprimorico.com.br\/thiago.nigro\/#website","url":"https:\/\/www.oprimorico.com.br\/thiago.nigro\/","name":"O Primo Rico","description":"PRIMO RICO","publisher":{"@id":"https:\/\/www.oprimorico.com.br\/thiago.nigro\/#organization"},"potentialAction":[{"@type":"SearchAction","target":{"@type":"EntryPoint","urlTemplate":"https:\/\/www.oprimorico.com.br\/thiago.nigro\/?s={search_term_string}"},"query-input":"required name=search_term_string"}],"inLanguage":"pt-BR"},{"@type":"WebPage","@id":"https:\/\/www.oprimorico.com.br\/thiago.nigro\/#webpage","url":"https:\/\/www.oprimorico.com.br\/thiago.nigro\/","name":"Um dos investidores mais influentes do pa\u00eds - O Primo Rico","isPartOf":{"@id":"https:\/\/www.oprimorico.com.br\/thiago.nigro\/#website"},"datePublished":"2019-12-06T20:03:44+00:00","dateModified":"2020-12-29T00:08:59+00:00","description":"Os melhores conte\u00fados para voc\u00ea investir melhor. Compre, assine e saiba mais. Torne-se voc\u00ea tamb\u00e9m Um Primo!","breadcrumb":{"@id":"https:\/\/www.oprimorico.com.br\/thiago.nigro\/#breadcrumb"},"inLanguage":"pt-BR","potentialAction":[{"@type":"ReadAction","target":["https:\/\/www.oprimorico.com.br\/thiago.nigro\/"]}]},{"@type":"BreadcrumbList","@id":"https:\/\/www.oprimorico.com.br\/thiago.nigro\/#breadcrumb","itemListElement":[{"@type":"ListItem","position":1,"name":"Home","item":"https:\/\/www.oprimorico.com.br\/thiago.nigro\/"},{"@type":"ListItem","position":2,"name":"Home"}]}]}},"_links":{"self":[{"href":"https:\/\/www.oprimorico.com.br\/thiago.nigro\/wp-json\/wp\/v2\/pages\/934"}],"collection":[{"href":"https:\/\/www.oprimorico.com.br\/thiago.nigro\/wp-json\/wp\/v2\/pages"}],"about":[{"href":"https:\/\/www.oprimorico.com.br\/thiago.nigro\/wp-json\/wp\/v2\/types\/page"}],"author":[{"embeddable":true,"href":"https:\/\/www.oprimorico.com.br\/thiago.nigro\/wp-json\/wp\/v2\/users\/11"}],"replies":[{"embeddable":true,"href":"https:\/\/www.oprimorico.com.br\/thiago.nigro\/wp-json\/wp\/v2\/comments?post=934"}],"version-history":[{"count":19,"href":"https:\/\/www.oprimorico.com.br\/thiago.nigro\/wp-json\/wp\/v2\/pages\/934\/revisions"}],"predecessor-version":[{"id":1361,"href":"https:\/\/www.oprimorico.com.br\/thiago.nigro\/wp-json\/wp\/v2\/pages\/934\/revisions\/1361"}],"wp:attachment":[{"href":"https:\/\/www.oprimorico.com.br\/thiago.nigro\/wp-json\/wp\/v2\/media?parent=934"}],"curies":[{"name":"wp","href":"https:\/\/api.w.org\/{rel}","templated":true}]}}